{"id":380,"date":"2016-03-08T10:29:27","date_gmt":"2016-03-08T10:29:27","guid":{"rendered":"http:\/\/demowp.cththemes.net\/monolit\/?page_id=380"},"modified":"2020-10-29T14:17:40","modified_gmt":"2020-10-29T17:17:40","slug":"home-slideshow","status":"publish","type":"page","link":"https:\/\/lw3d.com.br\/","title":{"rendered":"Home"},"content":{"rendered":"<p>[vc_row full_width=&#8221;stretch_row&#8221; cth_layout=&#8221;monolit_fullheight_sec&#8221;][vc_column css=&#8221;.vc_custom_1455730804223{padding-right: 0px !important;padding-left: 0px !important;}&#8221;][monolit_home_slideshow slideimgs=&#8221;810,744,742,746,748&#8243;][\/monolit_home_slideshow][\/vc_column][\/vc_row][vc_row cth_layout=&#8221;monolit_page_sec&#8221; el_id=&#8221;sec1&#8243;][vc_column offset=&#8221;vc_col-md-8&#8243;][vc_column_text]<\/p>\n<h1 class=\"section-title\"><strong>LW<\/strong><strong>3D<\/strong><\/h1>\n<p class=\"no-rep\">Somos um est\u00fadio especializado em ilustra\u00e7\u00f5es 3D que oferece solu\u00e7\u00f5es para visualiza\u00e7\u00e3o de arquitetura e produtos.<\/p>\n<p class=\"no-rep\">Nosso objetivo \u00e9 dar vida aos projetos de nossos clientes.<\/p>\n<p>&nbsp;<\/p>\n<div><span class=\"no-rep\"><a class=\"btn anim-button fl-l\" href=\"https:\/\/lw3d.com.br\/?page_id=360\">Portfolio<\/a><\/span><\/div>\n<p>[\/vc_column_text][\/vc_column][\/vc_row]<\/p>\n","protected":false},"excerpt":{"rendered":"<p>[vc_row full_width=&#8221;stretch_row&#8221; cth_layout=&#8221;monolit_fullheight_sec&#8221;][vc_column css=&#8221;.vc_custom_1455730804223{padding-right: 0px !important;padding-left: 0px !important;}&#8221;][monolit_home_slideshow slideimgs=&#8221;810,744,742,746,748&#8243;][\/monolit_home_slideshow][\/vc_column][\/vc_row][vc_row cth_layout=&#8221;monolit_page_sec&#8221; el_id=&#8221;sec1&#8243;][vc_column offset=&#8221;vc_col-md-8&#8243;][vc_column_text] LW3D Somos um est\u00fadio especializado em ilustra\u00e7\u00f5es 3D que oferece solu\u00e7\u00f5es para visualiza\u00e7\u00e3o de arquitetura e produtos. Nosso objetivo \u00e9 dar vida aos projetos de nossos clientes. &nbsp; Portfolio [\/vc_column_text][\/vc_column][\/vc_row]<\/p>\n","protected":false},"author":1,"featured_media":0,"parent":0,"menu_order":0,"comment_status":"closed","ping_status":"closed","template":"homepage.php","meta":[],"_links":{"self":[{"href":"https:\/\/lw3d.com.br\/index.php?rest_route=\/wp\/v2\/pages\/380"}],"collection":[{"href":"https:\/\/lw3d.com.br\/index.php?rest_route=\/wp\/v2\/pages"}],"about":[{"href":"https:\/\/lw3d.com.br\/index.php?rest_route=\/wp\/v2\/types\/page"}],"author":[{"embeddable":true,"href":"https:\/\/lw3d.com.br\/index.php?rest_route=\/wp\/v2\/users\/1"}],"replies":[{"embeddable":true,"href":"https:\/\/lw3d.com.br\/index.php?rest_route=%2Fwp%2Fv2%2Fcomments&post=380"}],"version-history":[{"count":33,"href":"https:\/\/lw3d.com.br\/index.php?rest_route=\/wp\/v2\/pages\/380\/revisions"}],"predecessor-version":[{"id":812,"href":"https:\/\/lw3d.com.br\/index.php?rest_route=\/wp\/v2\/pages\/380\/revisions\/812"}],"wp:attachment":[{"href":"https:\/\/lw3d.com.br\/index.php?rest_route=%2Fwp%2Fv2%2Fmedia&parent=380"}],"curies":[{"name":"wp","href":"https:\/\/api.w.org\/{rel}","templated":true}]}}